 factor of 11182710?
True
Is 10425888 a multiple of 27?
True
Is 2533849450 a multiple of 148?
False
Does 1266 divide 398015504?
False
Does 63 divide 107543772?
True
Is 1198 a factor of 92101986?
False
Is 4757665344 a multiple of 3221?
False
Is 199 a factor of 81027170?
False
Is 880506 a multiple of 9?
True
Does 562 divide 20878191?
False
Is 385415358 a multiple of 22?
False
Is 11 a factor of 14664602?
False
Is 29530439 a multiple of 267?
False
Is 44 a factor of 2534153?
False
Is 12 a factor of 233070496?
False
Does 16 divide 395916793?
False
Is 337 a factor of 1062615?
False
Does 3408 divide 34617256?
False
Is 11745012 a multiple of 106?
True
Does 16 divide 264530778?
False
Is 59341993 a multiple of 916?
False
Does 15 divide 74213145?
True
Is 16901096 a multiple of 8?
True
Is 150821415 a multiple of 45?
True
Does 6 divide 5966745?
False
Is 7 a factor of 6033881?
True
Does 135 divide 10658324?
False
Is 203082377 a multiple of 80?
False
Does 96 divide 119001792?
True
Is 4922955276 a multiple of 257?
True
Is 1266863266 a multiple of 739?
True
Is 188025120 a multiple of 333?
True
Is 778683984 a multiple of 331?
False
Does 14 divide 12171740?
True
Is 10 a factor of 6231350?
True
Is 49778023 a multiple of 17?
True
Is 2714 a factor of 82625016?
True
Does 19 divide 173724204?
False
Is 44 a factor of 29614684?
True
Does 3771 divide 3554042739?
False
Does 21 divide 392999288?
False
Is 1022 a factor of 122894044?
False
Is 28 a factor of 4387936?
True
Does 4 divide 23150465?
False
Does 55 divide 9232795?
True
Does 9 divide 40761?
True
Is 9 a factor of 123818310?
True
Is 103074400 a multiple of 550?
True
Is 43 a factor of 33343834?
True
Is 3 a factor of 264150728?
False
Is 559079374 a multiple of 119?
True
Does 5 divide 15420417?
False
Is 9 a factor of 58326849?
True
Is 294882660 a multiple of 380?
True
Is 378 a factor of 11341512?
True
Is 342559786 a multiple of 4186?
False
Is 821433645 a multiple of 90?
False
Is 423237863 a multiple of 665?
False
Is 150970016 a multiple of 47?
True
Is 493 a factor of 446791553?
False
Does 1092 divide 289048032?
True
Is 374 a factor of 30316814?
True
Does 12 divide 78692316?
True
Is 37820090 a multiple of 22?
True
Is 1687068882 a multiple of 1167?
True
Is 417 a factor of 74609819?
False
Is 28 a factor of 8269831?
False
Is 989 a factor of 1422407362?
False
Does 10 divide 2043903647?
False
Does 31 divide 325866203?
True
Is 46 a factor of 1389545516?
False
Is 565044 a multiple of 12?
True
Is 379354848 a multiple of 168?
False
Does 3200 divide 255408000?
True
Is 19 a factor of 41705?
True
Is 8 a factor of 74900920?
True
Is 631070 a multiple of 10?
True
Is 133 a factor of 62423151?
True
Is 2810385600 a multiple of 202?
True
Is 1138 a factor of 2843073366?
True
Is 644 a factor of 18893947?
False
Does 103 divide 88581873?
False
Is 17 a factor of 13844224?
False
Does 48 divide 1083053616?
True
Is 774 a factor of 191110756?
False
Is 34513056 a multiple of 9?
True
Does 385 divide 4527289?
False
Is 77906377 a multiple of 426?
False
Is 13 a factor of 668673447?
True
Is 1169 a factor of 53371000?
False
Is 6259 a factor of 149709021?
True
Does 13 divide 88229401?
True
Is 4538180 a multiple of 1215?
False
Is 21 a factor of 102066132?
True
Is 198 a factor of 99044154?
True
Is 408101680 a multiple of 16?
True
Is 24764172 a multiple of 204?
True
Is 18014709 a multiple of 160?
False
Does 73 divide 22624699?
False
Is 167 a factor of 1207172860?
True
Does 24 divide 10142990?
False
Is 1057 a factor of 60053459?
False
Is 729 a factor of 58757400?
True
Does 30 divide 199428534?
False
Does 10 divide 386635359?
False
Is 297048660 a multiple of 380?
True
Does 19 divide 476140?
True
Is 361 a factor of 72890954?
True
Is 136310411 a multiple of 296?
False
Is 433385664 a multiple of 1696?
True
Does 8 divide 3040380904?
True
Is 2019 a factor of 113586921?
True
Is 3013551514 a multiple of 3370?
False
Does 41 divide 14866831?
False
Does 7 divide 42669571?
True
Does 64 divide 326711168?
True
Does 64 divide 485568?
True
Does 298 divide 107493514?
False
Is 94318012 a multiple of 16?
False
Is 330995061 a multiple of 10?
False
Does 95 divide 40106910?
True
Is 461 a factor of 764198317?
True
Does 3 divide 8226065?
False
Does 4 divide 54263658?
False
Is 15 a factor of 4855490460?
True
Does 291 divide 4122324946?
False
Is 18 a factor of 32178502?
False
Does 608 divide 23993449?
False
Does 34 divide 3773844912?
False
Does 319 divide 7648428?
False
Does 422 divide 5939650?
True
Does 35 divide 379084545?
True
Is 70383253 a multiple of 5?
False
Does 2192 divide 73627088?
True
Does 185 divide 1506382850?
True
Is 64329441 a multiple of 33?
True
Is 4366 a factor of 42365921?
False
Is 2093 a factor of 4202744?
True
Does 15 divide 109168652?
False
Is 1945906927 a multiple of 529?
True
Is 337114755 a multiple of 912?
False
Does 10 divide 59484744?
False
Does 21 divide 366727704?
True
Is 14 a factor of 537023998?
True
Is 3 a factor of 1694184?
True
Is 11 a factor of 7295629?
True
Does 56 divide 27969871?
False
Is 7 a factor of 4133381?
True
Is 5 a factor of 8305535?
True
Does 350 divide 18542650?
True
Is 3 a factor of 32982086?
False
Is 1619946320 a multiple of 20?
True
Is 13 a factor of 479615359?
False
Is 13372832 a multiple of 184?
False
Is 91 a factor of 28432988?
False
Is 108271080 a multiple of 90?
True
Is 1953 a factor of 106797852?
True
Is 132 a factor of 821758608?
True
Is 553 a factor of 17359776?
True
Does 2103 divide 313729929?
False
Is 17 a factor of 82184535?
False
Does 93 divide 1492165005?
True
Is 30092032 a multiple of 2501?
True
Is 113 a factor of 654594701?
False
Is 13 a factor of 126903247?
False
Is 68258969 a multiple of 27?
False
Is 64982696 a multiple of 1855?
False
Is 28 a factor of 2807009555?
False
Is 84 a factor of 124940088?
True
Is 72193397 a multiple of 16?
False
Is 2 a factor of 9755145?
False
Does 15 divide 10765903?
False
Does 12 divide 65528127?
False
Does 39 divide 73097675?
False
Is 633 a factor of 35608149?
True
Is 4668804 a multiple of 93?
False
Does 2525 divide 112741250?
True
Is 8 a factor of 12933160?
True
Is 211 a factor of 4260696299?
False
Is 74 a factor of 223067966?
False
Does 33 divide 63353441?
False
Is 893172514 a multiple of 403?
False
Does 11 divide 8519569?
False
Does 1007 divide 16223698?
False
Is 881838440 a multiple of 452?
True
Does 3072 divide 150277296?
False
Does 1858 divide 4914226058?
True
Is 97277907 a multiple of 3?
True
Does 121 divide 43323132?
False
Is 9291 a factor of 172875199?
False
Is 2078112282 a multiple of 4038?
True
Does 84 divide 5826958?
False
Does 4154 divide 184308826?
True
Is 586253216 a multiple of 268?
True
Is 33795561 a multiple of 22?
False
Does 87 divide 14959026?
False
Is 396 a factor of 4821254?
False
Does 942 divide 344283102?
True
Is 5704 a factor of 305238152?
True
Is 25 a factor of 6079225?
True
Does 990 divide 36694602?
False
Is 16725588 a multiple of 242?
True
Is 150 a factor of 576213150?
True
Is 7 a factor of 25857348?
False
Does 100 divide 290884800?
True
Is 200622771 a multiple of 4?
False
Is 5385 a factor of 3573588315?
True
Is 7 a factor of 460663794?
False
Does 21 divide 100080729?
True
Is 10 a factor of 178673610?
True
Does 2752 divide 257237696?
True
Is 317507824 a multiple of 23?
True
Is 214707384 a multiple of 74?
False
Is 5475871753 a multiple of 15401?
True
Is 67508992 a multiple of 32?
True
Does 13 divide 20704987?
False
Is 106 a factor of 27244650?
True
Is 513560060 a multiple of 515?
True
Is 10 a factor of 14778106?
False
Is 156476256 a multiple of 222?
True
Is 4217364123 a multiple of 3092?
False
Is 783064908 a multiple of 36?
True
Is 99473108 a multiple of 202?
False
Is 11 a factor of 85414286?
False
Does 309 divide 3335273?
False
Is 27108472 a multiple of 34?
True
Is 17937278 a multiple of 731?
True
Is 36523329 a multiple of 3369?
True
Does 1646 divide 214857318?
True
Does 251 divide 67443064?
False
Is 97676777 a multiple of 21?
False
Does 30 divide 1153774669?
False
Does 8 divide 410035481?
False
Is 1168252675 a multiple of 4175?
True
Is 206 a factor of 846548142?
True
Does 32 divide 261591520?
True
Does 1214 divide 761398081?
False
Does 201 divide 1034272158?
False
Does 91 divide 23299549?
True
Is 146 a factor of 2741754002?
True
Does 1492 divide 55753056?
T